umber?
True
Is 970281329 a composite number?
False
Is 35363847093 prime?
False
Is 38751941 a composite number?
True
Is 334116119 prime?
True
Is 951770311 composite?
True
Is 94566068299 a prime number?
True
Is 1200423541 a composite number?
True
Is 24600715631 a prime number?
False
Is 4226312543 prime?
True
Is 2141709631 a composite number?
True
Is 2200098422 prime?
False
Is 4785033997 a prime number?
False
Is 2612730203 a composite number?
True
Is 474275629 a composite number?
False
Is 517781707 a composite number?
True
Is 1928270434 a prime number?
False
Is 37188507957 composite?
True
Is 2968206437 composite?
True
Is 1087889497 a prime number?
True
Is 3847351721 a composite number?
False
Is 47267173 a prime number?
True
Is 443131705 a prime number?
False
Is 1817395849 composite?
False
Is 5255034179 a composite number?
True
Is 915276737 prime?
False
Is 4813713397 a prime number?
True
Is 169643880961 prime?
True
Is 36274853891 prime?
False
Is 488504473 a composite number?
False
Is 5168956103 composite?
False
Is 75559106191 prime?
False
Is 79819799 prime?
True
Is 3591655889 a composite number?
True
Is 3382083401 a prime number?
True
Is 26788933 prime?
True
Is 51647279641 a composite number?
True
Is 1124258423 a prime number?
False
Is 267790231 a composite number?
True
Is 6415567 a prime number?
True
Is 52038790207 a composite number?
False
Is 264453691 a prime number?
True
Is 67671607571 a composite number?
False
Is 31129883777 prime?
False
Is 23155069591 a composite number?
False
Is 3746330297 prime?
True
Is 439471833053 prime?
False
Is 22585627 a prime number?
True
Is 489470719 composite?
True
Is 13384157767 a composite number?
False
Is 886306777 a composite number?
True
Is 2201290783 a composite number?
False
Is 4217033939 composite?
False
Is 313883263 a prime number?
True
Is 179292983041 composite?
False
Is 92261411381 composite?
True
Is 5432313869 a composite number?
True
Is 4864032721 prime?
True
Is 1912666577 a prime number?
True
Is 2038446803 prime?
True
Is 4060800439 prime?
False
Is 4577999219 a composite number?
False
Is 82798780231 composite?
False
Is 2125603439 prime?
True
Is 16805869453 composite?
False
Is 15080574253 prime?
False
Is 25180186513 a composite number?
True
Is 25992903659 a composite number?
True
Is 52350197 prime?
True
Is 861281611 a prime number?
True
Is 2839997179 prime?
False
Is 519544433 a composite number?
False
Is 4558797137 a composite number?
False
Is 2711204921 a prime number?
True
Is 417354263 a prime number?
True
Is 1480843473 composite?
True
Is 417154559 a prime number?
True
Is 358518571 prime?
False
Is 7201427363 a composite number?
True
Is 173040199 prime?
True
Is 13281927887 composite?
False
Is 61020587197 prime?
True
Is 765446081 a composite number?
False
Is 618304633 a prime number?
False
Is 3572730079 a composite number?
False
Is 14205117283 prime?
False
Is 4076418081 a composite number?
True
Is 3744961797 composite?
True
Is 7875017954 a composite number?
True
Is 15146123459 a prime number?
True
Is 5940413417 prime?
True
Is 875799637 a prime number?
True
Is 9234718877 a prime number?
True
Is 1585533959 prime?
True
Is 960110087 prime?
False
Is 8898079909 prime?
True
Is 15263637685 a composite number?
True
Is 18054681311 a prime number?
False
Is 27311506 a composite number?
True
Is 15308220065 prime?
False
Is 5271645853 composite?
False
Is 119707597 composite?
True
Is 1418770789 a prime number?
True
Is 984725897 composite?
False
Is 11434544503 prime?
True
Is 76008650191 a prime number?
False
Is 54359183 a composite number?
True
Is 42264025787 a prime number?
True
Is 77605945861 a composite number?
True
Is 13098274061 prime?
True
Is 357233711 a composite number?
False
Is 36949224737 composite?
False
Is 148470211 prime?
True
Is 4483268389 a composite number?
False
Is 19063794569 prime?
False
Is 3426456127 prime?
False
Is 6463714987 a prime number?
False
Is 4788205811 composite?
False
Is 94344941 a composite number?
False
Is 75224890747 composite?
False
Is 14717378381 a composite number?
False
Is 34533376237 a prime number?
True
Is 7218810671 a prime number?
True
Is 27221240897 a composite number?
False
Is 186276423 composite?
True
Is 964033853 a composite number?
True
Is 128637839 prime?
False
Is 98045603353 composite?
True
Is 2910142129 a prime number?
True
Is 69823142243 a prime number?
True
Is 5110967821 a composite number?
False
Is 30095171669 a composite number?
True
Is 221416403 a composite number?
True
Is 991747733 composite?
False
Is 3280272701 a composite number?
False
Is 3888735671 a composite number?
True
Is 825594041 prime?
False
Is 2210616431 composite?
False
Is 23932711567 a prime number?
True
Is 77876030179 prime?
False
Is 959569931 a prime number?
False
Is 33908699897 a composite number?
False
Is 454159981481 a prime number?
True
Is 203475301 a prime number?
True
Is 4520447851 a composite number?
False
Is 2435962313 a composite number?
False
Is 4159364213 a composite number?
True
Is 4777727293 composite?
True
Is 688169213 prime?
False
Is 1872505177 a composite number?
True
Is 4476915067 a prime number?
True
Is 66185617 composite?
False
Is 1011006037 prime?
True
Is 15261518291 composite?
False
Is 221103217 a prime number?
True
Is 358628131 prime?
True
Is 3627697439 a prime number?
False
Is 48625978963 a composite number?
False
Is 3429245 composite?
True
Is 1996719573 a composite number?
True
Is 3145692622 composite?
True
Is 302263961 a composite number?
True
Is 927114541 a prime number?
False
Is 37531620173 a composite number?
False
Is 7416906617 prime?
True
Is 14146999359 a prime number?
False
Is 2701615331 composite?
True
Is 500725933 prime?
True
Is 15437130097 a prime number?
True
Is 9766901429 composite?
True
Is 131598115529 a prime number?
False
Is 1990838939 a prime number?
True
Is 35476089301 a composite number?
True
Is 15022825331 a prime number?
False
Is 199493663 composite?
True
Is 2993333639 a composite number?
True
Is 348780301 prime?
True
Is 6341458493 composite?
False
Is 14830706087 a composite number?
False
Is 100332041 a composite number?
False
Is 118414577 prime?
True
Is 1920755747 prime?
False
Is 965652007 a composite number?
False
Is 3205683197 prime?
False
Is 285735973 prime?
True
Is 4158449257 composite?
False
Is 765425291 prime?
True
Is 490692329 a composite number?
True
Is 1019399749 a prime number?
True
Is 70017329 a prime number?
True
Is 7520693161 composite?
False
Is 3143730539 a prime number?
True
Is 275139583 composite?
False
Is 2871050471 a prime number?
True
Is 1497174139 a composite number?
True
Is 4632161731 a prime number?
True
Is 9250784971 prime?
True
Is 14896213447 composite?
False
Is 2627371987 a composite number?
False
Is 27138472727 a prime number?
False
Is 3507512171 prime?
True
Is 4134632587 prime?
True
Is 720873277 a prime number?
True
Is 144166549 composite?
False
Is 7321943623 a prime number?
False
Is 376200982 prime?
False
Is 191975503 a composite number?
True
Is 35289128179 a prime number?
False
Is 29124952019 a composite number?
False
Is 224589073 a composite number?
False
Is 11121453877 a composite number?
False
Is 18719764379 composite?
True
Is 13664079679 prime?
True
Is 5085641401 composite?
True
Is 355311079 prime?
True
Is 107065710417 a prime number?
False
Is 541544681 a prime number?
False
Is 9432524707 a prime number?
True
Is 208170971 prime?
True
Is 12405791665 a composite number?
True
Is 390534941 a composite number?
False
Is 2129543483 prime?
False
Is 35120519779 a composite number?
False
Is 3510940871 composite?
False
Is 21368017 a composite number?
True
Is 800909963 a prime number?
False
Is 63276161929 prime?
True
Is 15689509879 composite?
False
Is 8201645153 a prime number?
False
Is 1238060413 a prime number?
True
Is 38737914653 prime?
True
Is 2716600983 a prime number?
False
Is 42651281747 a composite number?
False
Is 3057331379 a prime number?
True
Is 2545358521 a prime number?
False
Is 4941322117 a composite number?
False
Is 224394073 a composite number?
True
Is 3895157237 a composite number?
True
Is 29227522327 composite?
True
Is 1267156823 a prime number?
False
Is 1581144819 a composite number?
True
Is 3152116615 a composite number?
True
Is 160252865 prime?
False
Is 1067142829 a prime number?
True
Is 515203537 a composite